ivative of p(n). Give t(7).
-12
Let t = 10 - 14. Let c = t - -7. Let a(y) = 5*y - 4. Calculate a(c).
11
Let d(g) = -26*g**2 + 27*g**2 + 206*g - 207*g + g**3 - 43. What is d(0)?
-43
Let c(k) = k - 1. Let v(q) = 2*q**3 + 13*q**2 + 8*q + 18. Let z be v(-6). Suppose -4*y + 3*i - z = -2*i, -3*i + 6 = 0. Determine c(y).
0
Let d(c) = c**3 - 9*c**2 - 9*c - 4. Let q(o) = o**3 + 6*o**2 + 11*o + 16. Let m be q(-3). Determine d(m).
6
Let f(n) = -7*n + 4*n + 4*n + 1. Suppose -r + 2*j = -4, 0 = 9*r - 4*r + 2*j - 32. Give f(r).
7
Let c(k) = 16 - 12*k**3 - 9 - 8. Suppose 0*z - 4*z + 8 = 0. Suppose -2*h + 8 = -2*x, -8 = 4*x - z*h - 2. Give c(x).
-13
Let x = -101 - -140. Suppose x = 3*n + 54. Let q(g) = g + 4. Give q(n).
-1
Let f(r) = -3 - 4*r + 10 + r - 2 - 7. Give f(-2).
4
Let n(d) = -d**2 - 9*d + 3. Let v = -660 - -649. Determine n(v).
-19
Let i = 2082 - 2083. Let n(s) = 32*s**2 - 3*s - 2. Give n(i).
33
Let n(l) = -5*l + 2*l - 3*l + 3*l. Determine n(-1).
3
Let l(m) be the second derivative of 4*m**3/3 + 3*m**2/2 - 7*m + 3. Determine l(-4).
-29
Let r(b) = b**3 - 19*b**2 - 60*b - 136. Let w be r(22). Let v(t) = -2*t**2 - 7*t - 8. What is v(w)?
-12
Let v(r) = -10*r**3 - r**2 - r - 1. Let h(z) = z**2 - 4*z + 3. Let o be h(4). Let c(d) = 7 + 0*d - 3*d - o*d + 5*d. Let x be c(8). Determine v(x).
9
Let c(b) = -3*b**2 - 34*b - 15. Let v(u) = u**2 + 13*u + 7. Let m(x) = 2*c(x) + 5*v(x). Determine m(-6).
-13
Let d(l) = -5*l**3 + 29*l**2 + 3*l + 32. Let i(h) = 3*h**3 - 19*h**2 - 2*h - 21. Let w(b) = -5*d(b) - 8*i(b). Determine w(-7).
1
Let p(c) be the first derivative of c**2/2 - 10*c + 22. Calculate p(-5).
-15
Suppose 5*r + 22*r + 162 = 0. Let n(s) = 2*s + 6. Give n(r).
-6
Let b(u) = -4. Let w(p) = p**3 - p**2 + 2*p - 31. Let g(s) = 6*b(s) - w(s). Determine g(0).
7
Let l(v) = -v**2 + 11*v + 2. Let m be l(11). Let t(b) = b + 2 - 8*b - 3 - 4*b**m + b**3. Let i = -210 - -215. Calculate t(i).
-11
Let v = 342 - 346. Let h(y) = 2*y**3 + 8*y**2 + y. Give h(v).
-4
Let f be 2*(15/12 + 2/8). Let x(d) = -22 + 35 + f + d. Give x(-11).
5
Let a(v) = -v**3 + 8*v**2 + 2*v. Let y(n) = -1 + 10*n + 6*n - 3 - 17*n. Let k be y(-12). Determine a(k).
16
Let t(y) = 3 + 4*y**2 - 172*y**3 - 170*y**3 + 343*y**3 - 5*y. Give t(-5).
3
Let j(x) = 4*x**2. Let u be j(1). Let b be (25/(-20))/((-1)/u). Let r(f) = -f**2 + 6*f + 4. Give r(b).
9
Suppose -8*h + 5*h + 15 = 0. Suppose -h*k - 18 = w, 3*w = k + k + 14. Let q(s) be the first derivative of -s**3/3 - 3*s**2/2 + 7. What is q(k)?
-4
Let t(l) = -5*l - 92518 + l**2 + 92512 + 2*l. Determine t(4).
-2
Let m(r) = -r - 5. Let b be m(-9). Suppose -2*x + b = 6. Let o(j) = -2*j**2 + 4*j**2 - 4*j**2 - 20 + 21 + j. Calculate o(x).
-2
Let o(m) = -2*m - 1. Suppose 0 = -9*y + 10*y - 3. Suppose 0 = -j, 5*s - 4*s - 1 = y*j. Calculate o(s).
-3
Let h(g) be the first derivative of 2*g - g**2 + 2*g + g - 9*g - 8. Give h(-4).
4
Let i(u) = -17 - 3*u - 5*u**2 - 3*u**3 + 36 + 2*u**3 - 18. Determine i(-3).
-8
Let u be 6/8*(-11)/(22/8). Let v(w) = 22*w**3 + 6*w**2 + 2*w - 2*w**2 - 21*w**3 + 6 - 5. Give v(u).
4
Let q(h) = -h**2 - 11*h - 8. Let i be q(-7). Suppose 2*o = -3*o + i. Let r(n) = -2*n - 4. Let c(d) = -2*d - 5. Let u(t) = 2*c(t) - 3*r(t). Give u(o).
10
Let i(z) be the first derivative of z**4/12 + z**3/6 - 13*z**2/2 + 13*z + 16. Let t(g) be the first derivative of i(g). Give t(0).
-13
Let o be (1 + -13)*(-3 - (-24)/9). Let f(t) = -o - 4 + 3 + t + 2*t. Calculate f(7).
16
Suppose 3*a + 2*u = -26, -8*a - 10 = -7*a + u. Let b(q) = -q**2 - 8*q + 7. Give b(a).
19
Let y = 2 + -3. Let n(r) = -3*r + 9. Let w(x) be the second derivative of x**3/6 - 6*x. Let g(p) = y*n(p) - 4*w(p). Calculate g(-4).
-5
Let s(x) = 48 - 2*x - 59 + 16. Calculate s(11).
-17
Let m(t) = 3*t - 2*t + 3*t + 5*t**3 - 5*t. Let p = 14 + -11. Suppose 2*w = 2*g + 8, -p*g + 19 = -4*w - 6*g. Calculate m(w).
-4
Let a = 43 - 39. Suppose 0 + a = k. Let r(z) = -z**2 + 5*z - 1. Determine r(k).
3
Let o(i) = 0*i**3 - i**3 - 966735*i**2 + 0*i**3 + 966742*i**2 + 7 - 4*i. Let v(a) be the first derivative of a**2/2 + 2*a - 1. Let u be v(4). What is o(u)?
19
Let x(g) = -10 - g - 5*g + g**2 + 4. Suppose 41 = -11*k + 118. What is x(k)?
1
Suppose 6*g = 4*g - 20. Let i(t) = -t**3 + 8*t**2 - 9*t + 7. Let z be i(7). Let d be g/6*(10 + z). Let o(j) = -j**3 - 5*j**2 + 2*j + 4. Determine o(d).
-6
Let v(f) = f**3 - 10*f**2 + 8*f + 13. Let m be ((-3)/7)/(6/(-126)). Calculate v(m).
4
Let m(x) = x**3 - 5*x**2 - 7*x + 1. Suppose 2*r = 66 - 18. Suppose 20*o + r = 24*o. Calculate m(o).
-5
Let a(w) = 3*w**3 + 2*w**3 - w - 2*w**3 - 2*w + 3*w**2 - w**3. Let l = -8 - -5. Calculate a(l).
-18
Suppose 64*c - 101*c - 370 = 0. Let w(x) = -2*x - 7. What is w(c)?
13
Let n(i) = -i**2 + 7*i + 19. Let t(d) = d**2 + 10*d - 46. Let z be t(-14). Calculate n(z).
-11
Let j(r) = 163*r**2 - 2 + 1 - 162*r**2 + 5 + 0. What is j(-4)?
20
Let w(p) = p**3 - 5*p**2 + 10*p - 9. Let v be w(3). Let n(h) = 0*h - 4 + 2*h - 3*h. What is n(v)?
-7
Let y be (1*4/(-5))/((-20)/50). Let h(a) = 3*a**2 - 5*a**2 + 0*a**y + a**2 - 9*a - 8. Calculate h(-6).
10
Let g(l) = 4*l + 3. Let z be (2/2*-1)/1. Let x = 6 + -7. Let r = z + x. What is g(r)?
-5
Let h(c) = -c**3 + 4*c**2 - c + 5. Let g = -206 - -210. What is h(g)?
1
Let n(q) = 17*q**3 + 2*q**2 + 2*q + 1. Let c be (1 - 2)*(-4)/(-4). What is n(c)?
-16
Suppose 3 = 2*g - 9. Let w = -15 - -29. Let o(c) = w*c + 5*c + 1 - 24*c + c**2. What is o(g)?
7
Let n(v) = v**2 + 26*v - 23. Let f be n(-27). Let k = 3 - 3. Suppose h = -2*g - k - 8, f*h + 21 = 3*g. Let a(m) = -m**3 - 5*m**2 + 8*m + 1. What is a(h)?
-11
Suppose -44 + 48 = 2*f. Let y(r) = 3*r - r + 7*r**2 - 6*r**2 + f*r. What is y(-3)?
-3
Let w(a) be the first derivative of -a**3/3 - 6*a**2 - 11*a + 114. Give w(-8).
21
Suppose 15*v = 31*v + 400. Let g(d) = -d**2 - 24*d + 20. Calculate g(v).
-5
Let a(r) = -7*r**2 + 2*r + 1. Let c(l) = 5*l**2 - 3*l. Let h(y) = 2*a(y) + 3*c(y). Let x(n) = 4*n - 2. Let j be x(2). Give h(j).
8
Let x(f) = -f**2 + f - 2. Let h(d) = -3*d**2 - 4*d - 8. Let j be 1*5 - 16*(-8)/(-32). Let s(v) = j*h(v) - 2*x(v). Calculate s(-6).
-4
Suppose 5*i - 4*n - 7 = 0, 12 = -4*i + 7*i - 5*n. Let d(k) = -3*k + 1. Determine d(i).
4
Suppose -5*b + 19 = -3*w, b - 4*w = -9*w - 13. Let r(p) = 7*p + p - 7*p - 6 + b*p. Let j = -11 + 15. Calculate r(j).
6
Let k be 0 - (-7)/(28/(-16)). Let u be (1 + 1)*(k + 5). Let f(b) = -3*b + 0*b - u*b - 4 + 6*b. Determine f(-3).
-7
Let v(m) = 2*m**2 - m + 8. Let p be v(0). Let o(u) = u**3 - 8*u**2 - 7*u + 6. Determine o(p).
-50
Let i(s) = 2*s**3 - 5*s**2 - 10*s + 4. Let g(u) = 5*u**3 - 9*u**2 - 21*u + 7. Let m(k) = -3*g(k) + 7*i(k). Let f = -399 + 392. Calculate m(f).
7
Let r(g) = -g**3 - 11*g**2 + 2*g + 16. Let w be r(-11). Let i(q) = -2*q**2 - 7*q + 6. What is i(w)?
-24
Suppose 123 = -5*d + 243. Let c(b) = b**3 - 24*b**2 + 2. Give c(d).
2
Let f(p) = p**3 + 15*p**2 + p + 9. Let l be (20/8)/(2/(-12)). Give f(l).
-6
Let r = 285 - 37. Let x(k) = -249*k**2 + r*k**2 - 1 + k**3 + 2. Let m = 3 + -2. What is x(m)?
1
Let b(z) = z + 16 + 40 - 71 + z**2 - 3*z. Give b(7).
20
Let x(p) = p**3 + 6*p**2 - p. Let v(l) = -2*l - 6. Let c = -8 - -14. Let o be v(c). Let t = o - -12. Calculate x(t).
6
Let k(a) = a**2 - 12*a - 2. Let r(g) = -g - 1. Let u(l) = -k(l) + 3*r(l). What is u(3)?
17
Let h = 809 - 807. Let i(j) be the first derivative of 0 - 1 + 0 + j**2 + j. Give i(h).
5
Let q(k) = -k**2 - 15*k - 2. Let y(x) = 3*x**2 + 44*x + 5. Let m(h) = -11*q(h) - 4*y(h). Give m(-11).
2
Let r(c) = c**3 - 11*c**2 + 2*c - 6. Let u be 2*((-81)/(-18) + 1). What is r(u)?
16
Let h(r) = r**3 + 13*r**2 - 29*r + 21. Let f be h(-15). Let t(w) = w**2 + w + 1. Let i(k) = 5*k**2 + 10*k + 9. Let g(p) = f*t(p) - i(p). What is g(4)?
-3
Let r(y) = 3*y**2 + y + 1. Suppose 5*x - 5*b = -0*x - 405, 0 = 2*x + 2*b + 142. Let p = x + 78. Calculate r(p).
15
Let z(b) = -5*b**3 - 2*b**2 + 2*b - 1. Let d be z(1). Let c be 2 + 3 + -5 + 4. Let f(n) = 2*n**3 + 0 - c*n - n + 5 + 5*n**2 - n**3. Calculate f(d).
-1
Let c(k) = -2*k**2 - 3 - 5*k + 0 + 3*k**2. Let l be 19*1 - (-3 + 7)/(-2). Suppose 0 = -5*s + l - 6. Calculate c(s).
-9
Let n(p) = -5*p + 2. Let i = -60 + 65. Suppose 0 = 2*a - 5*r + 3 + 21, i*a - r = -14. Calculate n(a).
12
Let m(t) = -3*t + 230*t**2 - 231*t**2 + 16 - 4*t - 3*t. Determine m(-1